ts digit of 11/o - (-1)/3?
4
Suppose -4*h = -2*h - 6. Let j(g) = -2*g - 8. Let b be j(-12). What is the units digit of h*5/(30/b)?
8
Let b be 3/2 - 4*(-1)/(-8). Let p(t) be the first derivative of 9*t**4/4 + t**2 - t - 1. What is the tens digit of p(b)?
1
Suppose 1086 = 3*t - l, -t = -5*t + 5*l + 1459. What is the tens digit of t?
6
Suppose -4*r + 222 = 4*v - 402, 0 = -3*v + 3*r + 462. What is the tens digit of v?
5
Let r = 27 + 6. What is the units digit of r?
3
Let r = 18 + -29. Let a = r + 15. Suppose -3 = a*g - 7. What is the units digit of g?
1
Let l(q) = 2*q**3 + q + 1. Let i be l(-1). Let r be i/(-8 + 2)*6. Suppose -r*y - 5*f + 37 = y, -4*y + f = -11. What is the units digit of y?
4
What is the units digit of (-238)/(-21) - (-2)/(-6)?
1
Let u = 12 + -3. What is the tens digit of 102/u*(-3)/(-2)?
1
Suppose z = 4*y + 16, -5*z + 28 + 94 = y. What is the units digit of z?
4
Let s(j) = 47*j - 4. What is the tens digit of s(1)?
4
Let t(k) = k**3 + 6*k**2 + 13*k + 4. Let f(q) = -6*q**3 - 29*q**2 - 66*q - 21. Let b(x) = 2*f(x) + 11*t(x). What is the units digit of b(9)?
0
Suppose -3*d + 3*m + 5 = -5*d, 5*d + 2 = -4*m. Suppose -8*w - 5 = -c - 4*w, -c - 2*w = 1. Let o = d - c. What is the units digit of o?
1
Let f(x) = -x**3 - 5*x**2 + 8*x + 9. Let i be f(-6). Let j be ((-3)/2)/(i/(-4)). Let q = 3 - j. What is the units digit of q?
5
Let o be 2/8 + 18/(-8). Let t = o - -2. Suppose u - 2 + t = 0. What is the units digit of u?
2
What is the units digit of 498*4/(-14)*7/(-4)?
9
Suppose -3 = -5*v - 28. Let q = 11 + v. What is the units digit of q?
6
Let l(d) = 15*d + 28. What is the hundreds digit of l(10)?
1
Let w(n) = -14*n - 27. What is the tens digit of w(-8)?
8
Suppose 3*o + 2 = 2*o. What is the units digit of 20/2*o/(-4)?
5
Suppose -48 = y - 7*y. What is the units digit of y?
8
Suppose 0*f - 424 = -2*l - 3*f, -5*f + 1065 = 5*l. What is the units digit of l?
5
Let l(y) = -10*y + 7. Let d be l(7). Let x = d - -3. What is the units digit of x/(-9) + 4/(-6)?
6
Let t(i) = i**3 + 5*i**2 - i - 2. Let a be t(-5). Suppose -5*d + 9*d - 4 = 0. Let q = a + d. What is the units digit of q?
4
Suppose 2*p = p + 16. Suppose 0 = -2*a + 2*w - 5*w + p, 3*w = -4*a + 20. What is the units digit of a?
2
Suppose -2*v = -k + v + 8, -16 = -5*k + 3*v. Suppose 4*n - k*n - 72 = 0. What is the tens digit of n?
3
Let x = -76 - -116. What is the units digit of x?
0
Let g = -6 + 19. Suppose -4*f = 25 + 7. Let m = g + f. What is the units digit of m?
5
Let i be 1/(-2 - (-20)/12). Let z = i + 17. What is the units digit of z?
4
Suppose -8*v + 7*v + 46 = 0. What is the tens digit of v?
4
Let o(y) = 10*y**2 + 4*y - 1. What is the tens digit of o(2)?
4
Let x = -20 + 32. Suppose -c = -2*s + 13, 2*s + 4*c + 4 = x. Let l(d) = -d**3 + 6*d**2 + 2*d + 7. What is the units digit of l(s)?
9
Suppose 10*i - 126 = 8*i. What is the units digit of i?
3
Let p = -45 - -242. What is the tens digit of p?
9
Let y = -18 - -33. What is the tens digit of y?
1
Let x = 118 + 92. What is the tens digit of x?
1
Let w be (9 + -3)*2/4. What is the units digit of (w - 3) + 14 - 0?
4
Let d = 329 - 117. What is the units digit of d?
2
Let z(x) = -x**3 + x**2 - x + 2. Let g(u) = u**3 + 3*u**2 + 3*u. Let o be g(-2). Let h be (0 - o - 2)/(-2). What is the units digit of z(h)?
2
Let x = 59 - -110. What is the tens digit of x?
6
Suppose -7*j + 150 = -j. What is the tens digit of j?
2
Let b = -45 - -74. What is the tens digit of b?
2
Let m = -535 + 946. What is the units digit of m?
1
Suppose 0*j + 11 = j + 4*q, 13 = j + 5*q. Suppose -28 = -4*p - j*u, p - u = 2*u + 7. Let c = 1 + p. What is the units digit of c?
8
Suppose 0 = -3*a - 2*a - 55. Suppose 4*g - 60 = 4*r + 6*g, -25 = r - 2*g. Let z = a - r. What is the units digit of z?
6
Suppose 5*w + 0*r = 2*r + 10, -3*w - r = -17. Suppose c - 6 = 3*c + 4*y, -w*y = 0. What is the units digit of 12 + 0/(-2) + c?
9
What is the hundreds digit of 178 - (0 + -1 + 1)?
1
Suppose -2*q + 3*q = k + 10, 6 = -q + 5*k. What is the tens digit of q?
1
Suppose 5*s - 264 = 101. What is the tens digit of s?
7
Let f(p) be the first derivative of -p**4/12 - p**3 + 2*p**2 - p + 1. Let l(t) be the first derivative of f(t). What is the units digit of l(-6)?
4
Let i(g) = -g + 4. Let l be i(-12). Let a = l + 19. Suppose 7 = -4*z + a. What is the units digit of z?
7
Let h be -12 - -1 - (1 - 4). What is the tens digit of (2 - 40)*4/h?
1
Let m(k) = k - 2. Let w be m(2). Suppose -4*d + d + 24 = 0. Suppose 4*o + w - d = 0. What is the units digit of o?
2
Suppose 226 = 10*q - 1114. What is the units digit of q?
4
Let y = 37 - 21. What is the units digit of y?
6
Let x(a) = 7*a. Let p be x(5). Suppose 0 = -f - 4*w + 25, 0*w = 2*f + 3*w - p. What is the tens digit of f?
1
Let t be ((-9)/6)/((-1)/4). Let f(z) be the first derivative of z**2/2 - 5*z + 1. What is the units digit of f(t)?
1
Suppose 2*t - 25 = 3*t. Let i = -17 - t. What is the units digit of i?
8
Let g = 200 + -130. What is the units digit of g?
0
Let i(p) = p**3 + 6*p**2 + 4*p. Let g be i(-4). Let a = 29 - g. What is the tens digit of a?
1
Suppose 2*r - r - 4 = 0. Let s = r - 4. Suppose a = -2*h + 21, 2*h = a - s*a + 11. What is the units digit of h?
8
Suppose -3*p + 4*p + 6 = 0. Let f = 16 + p. What is the tens digit of f?
1
Let d(z) be the second derivative of -1/6*z**3 - z + 0 - z**2. What is the units digit of d(-6)?
4
Let z(d) = d**3 + d**2 - 3*d + 2. Let o be z(2). Let i = o - 5. What is the units digit of 0 - ((-24)/i - 2)?
0
Let m(n) = -3*n - 3*n + 8 + 4*n + 3*n. Let y be m(-5). What is the tens digit of 3/(-3)*-17 + y?
2
Let l = -23 + 40. What is the units digit of l?
7
What is the units digit of (-786)/(-9) + (-2)/(-3)?
8
Suppose -5*h - 17 = -n, -h - 16 = -5*n - 3. Let c = 4 + h. Suppose 7 - c = 3*y. What is the units digit of y?
2
Let c(j) = j + 3. What is the units digit of c(9)?
2
Suppose -3*j + 8*j = 0. Suppose -y - 3*a - 13 = a, 3*y = 3*a + 21. Let w = y - j. What is the units digit of w?
3
Let x(w) = w**3 - 10*w**2 + 9*w + 4. Let g be x(9). Suppose 2*a - 113 = -5*k + 5, 0 = -g*a - k + 218. What is the units digit of a?
4
Let k = -3 + -2. Let y = -1 - k. Suppose -f = -6 - y. What is the tens digit of f?
1
Let d = -20 - -28. Suppose -d = -3*g + 1. What is the units digit of g?
3
Let n(s) = -4*s**3 + s**2 + 5*s + 3. What is the units digit of n(-1)?
3
Suppose 5*a = -a + 1332. What is the hundreds digit of a?
2
Suppose -3*t + 5*w = -34, 0 = -5*t - w + 4*w + 46. Suppose 25 = -5*k, -j + 2*k - 3*k = -t. Suppose -2*s + j = -7. What is the units digit of s?
0
Let o be (-19)/2 + (-10)/(-20). What is the units digit of 2/o + (-1804)/(-99)?
8
Suppose 0 = -t - 4 - 0, 5*v - t + 6 = 0. Let m(s) = s + 2. Let f(i) = 2*i + 2. Let j(x) = -2*f(x) + 3*m(x). What is the units digit of j(v)?
4
Let z(u) = -17*u**3 - 3*u**2 - 5*u - 4. Let c be z(-2). Suppose 4*a + 0*r = -2*r + c, -4*a = r - 135. What is the tens digit of a?
3
Let x(s) = -6*s + 2. Let p(t) = -3*t + 1. Let m(g) = 5*p(g) - 2*x(g). Let q be m(-2). Let f = 13 - q. What is the units digit of f?
6
Let p(z) = z**2 + 4*z + 6. Let i = -11 + 5. What is the tens digit of p(i)?
1
Let k(c) be the first derivative of -7*c**2/2 + 4*c + 4. What is the units digit of k(-4)?
2
Let u be 6/21 - (-222)/7. Let s = 43 - 66. Let v = u + s. What is the units digit of v?
9
What is the tens digit of 32 - (3 - 0) - -1?
3
Let t be (-15)/(-10) + 9/(-6). Suppose t*j + 3*j - 129 = 0. What is the units digit of j?
3
What is the tens digit of 2/(-6*(-5)/765)?
5
Let t = 49 + -18. What is the tens digit of t?
3
Suppose g + 192 = 2. What is the tens digit of g/(-4) - 18/12?
4
Let n be -1 + 1 - (-2 - -2). Suppose -15 = -n*i - 3*i. Let b = 14 - i. What is the units digit of b?
9
Let g(q) = 2*q**2 + 2*q - 1. Suppose -3*r - 8 = 2*i + 7, 0 = -5*i + 5*r. Let a be g(i). Suppose 3*u = 2*u + a. What is the tens digit of u?
1
Suppose -h - 2 = 0, k + 5*h + 8 = -4. What is the units digit of k/(-8) + 245/28?
9
Let q = 27 - 9. Suppose -2*d + 0*o = -3*o + 13, -4*o + q = -2*d. What is the units digit of d?
1
Suppose -2*v + 2*z = z - 204, -v + 2*z + 102 = 0. What is the tens digit of v?
0
Suppose -5*q - w + 21 = 0, -3*w - 3 + 2 = -q. Suppose -36 = -7*j + q*j. What is the tens digit of j?
1
Let d(w) = -7*w + 2*w + 1 + 2*w. What is 